t l(k) = -5*k + 29. Let f = -1 + 4. Suppose 4*a + 40 = -f*v - v, 0 = -4*a + 4*v - 40. What are the prime factors of l(a)?
79
What are the prime factors of 7/28 - 1318*29/(-8)?
2, 2389
Let l = -10412 - -31003. What are the prime factors of l?
59, 349
Suppose 42*t - 120598 = 59395 + 151345. List the prime factors of t.
7, 23
Suppose 2*i + 6434 = 3*o, 3*o + i = 3683 + 2766. Suppose 8*h - 5*f = 12*h - 2859, -o = -3*h - 5*f. List the prime factors of h.
3, 79
Suppose -3*o - z = 103, -o + 3*z = -6*o - 165. Let n = 69 + o. Suppose n = i - 41. List the prime factors of i.
2, 37
Let b = -27 - -31. Suppose 4*v + 3 + 9 = b*c, -2*v = c - 9. Suppose 0 = 5*f + v*a - 7*a - 505, 505 = 5*f + a. What are the prime factors of f?
101
Let j(b) = 2002*b - 2827. List the prime factors of j(12).
11, 41, 47
Let p be 3*(4/5)/(10/(-50)). What are the prime factors of (0 - -1)/(p/(-5784))?
2, 241
Let p = 72 + -67. Suppose 5*h = b + 62, 3*b - p*b + 32 = 2*h. Suppose -h - 48 = -2*j - 3*x, -j - 4*x = -18. What are the prime factors of j?
2, 19
Let d = -360 + 373. Let m(t) = 29*t - 33. What are the prime factors of m(d)?
2, 43
Let a = 21 + -2. Let y = 53 - a. Suppose -y*m + 31*m = -342. List the prime factors of m.
2, 3, 19
Suppose n = 5 - 4, -x + n = -131. List the prime factors of (x/44)/((-6)/(-998)).
499
Let h(w) be the second derivative of 25*w**4/6 + w**3 + 3*w**2 + 11*w - 3. What are the prime factors of h(-2)?
2, 97
Let i be 4/(8/1308*-3). Let y = i - -521. Let b = -187 + y. What are the prime factors of b?
2, 29
Suppose 0 = -y + 1. Let q be (-1*(0 + (2 - 1)))/y. List the prime factors of 1*2 - 87*(-2 - q).
89
Let j = 5 + 2. Let x(b) = -1198 + 583 + 584 + 19*b. List the prime factors of x(j).
2, 3, 17
Let r = -3769 - -8689. List the prime factors of r.
2, 3, 5, 41
Suppose 0 = -4*p + 80 - 52. Let y(v) = 2*v - 14. Let o be y(p). Suppose 3*z - 132 - 66 = o. List the prime factors of z.
2, 3, 11
Suppose -2*i - 12 + 18 = 0. What are the prime factors of (-17 - i)*((-16)/10 + 0)?
2
Let z = -10359 + 22429. What are the prime factors of z?
2, 5, 17, 71
Let b(s) = 7*s**2 + 20*s + 1. Let r be b(-3). Suppose -36*v - 430 = -j - 32*v, -5*j + 2270 = r*v. List the prime factors of j.
2, 3, 5
Suppose -3*d = -3*q + 67392, -16*q - d + 67368 = -13*q. List the prime factors of q.
2, 3, 19, 197
Let r = 5763 + -1913. List the prime factors of r.
2, 5, 7, 11
Suppose -501580 = -122*n + 318260. What are the prime factors of n?
2, 3, 5, 7
Let p = 10193 + 20775. List the prime factors of p.
2, 7, 79
Suppose g - 5*t = 16247, -g - t = -9832 - 6385. What are the prime factors of g?
2, 8111
List the prime factors of (-3)/8*4 + (-72996)/(-24).
2, 5, 19
Let g = 21764 - 14299. List the prime factors of g.
5, 1493
Let w = -51162 - -92329. List the prime factors of w.
7, 5881
Suppose 2*w + a = -5 + 2, 3*w - 3*a = 9. Suppose 5*f + y = 5115, -5*f + 5085 = -w*y - 5*y. List the prime factors of f.
2, 7, 73
Suppose -24*f + 227 = -13. Suppose f*l - 570 - 2060 = 0. List the prime factors of l.
263
Let a = 38 + -35. Suppose 3*d - 3*u = 66, -d - a*d = u - 88. Let t(l) = -l**3 + 21*l**2 + 27*l - 29. List the prime factors of t(d).
3
Let j = -113942 - -169431. What are the prime factors of j?
7, 7927
Suppose 0*p = -14*p + 24318. List the prime factors of (2/6)/((21/p)/7).
193
Let f(r) be the second derivative of -r**3/3 - 15*r**2/2 - 2*r. Let p be f(-14). Suppose -9*t + p*t = 28. What are the prime factors of t?
7
Let m be (12/50*5)/(1/20). Suppose -i + 25 - m = 0. List the prime factors of (-3)/(-2)*-12*i*-3.
2, 3
Suppose 4*w + 674566 = -2*y, w + 0*w = 2*y - 168654. What are the prime factors of (-2)/9 + w/(-252)?
3, 223
Suppose 0 = -17*i + 6*i + 88. List the prime factors of ((2598/i)/3)/((-18)/(-72)).
433
Let f(m) = m**3 - 3*m**2 + 2*m + 2. Let v be f(2). Suppose 0 = -5*t - 5, 4*g + v*t = -2*t + 48. Suppose g*n = 278 + 60. List the prime factors of n.
2, 13
Let c(j) be the second derivative of -j**3 + 19*j**2/2 - 74*j + 3. Let i(t) = -t**3 - 5*t**2 + 2. Let m be i(-4). What are the prime factors of c(m)?
103
Let a(v) = -3*v**3 + 17*v**2 + 21. Let u(o) = -o**2 - 2. Let z(p) = -a(p) - 4*u(p). List the prime factors of z(6).
167
What are the prime factors of 55396995/5327 + 5/7?
2, 5, 13
Let z be ((-36)/225)/((-2)/(-5))*-85. Suppose 30*r + 2900 = z*r. What are the prime factors of r?
5, 29
Let b be (7 + (-59)/2)*(-32)/12. List the prime factors of ((-375)/b + 6)/(1/(-7612)).
11, 173
Let k = -35 + 38. Suppose -156 = -k*a + a. Suppose 0 = -0*b - b + a. List the prime factors of b.
2, 3, 13
Suppose -5*v + 56*q - 58*q = -59036, 3*q + 23603 = 2*v. What are the prime factors of v?
2, 5903
Let v = -2 - -45. Let n be 11753/92 + 3/12. Let b = n - v. List the prime factors of b.
5, 17
Suppose 27*w + 78304 - 1436917 = 0. List the prime factors of w.
3, 5591
Suppose -14*q + 4*n - 23004 = -18*q, 4*n = -2*q + 11496. What are the prime factors of q?
2, 3, 7, 137
Let z be (-317)/(-7) - -2 - (-16)/(-56). Let u = 454 - z. List the prime factors of u.
11, 37
What are the prime factors of 36/(-60) + 2/(-5)*(-3381645)/30?
2, 1409
Let q = 46 - 39. Let m(k) = k**3 + 2*k**2 + 4*k - 11. List the prime factors of m(q).
2, 229
Suppose -2 = 4*l + 2*a, -10*l + 11*l = -3*a - 13. What are the prime factors of 938/(l - 0) - 10/5?
467
List the prime factors of 34211512/1940 + (-12)/(-10).
2, 4409
Let r(f) = f + 570. What are the prime factors of r(17)?
587
Suppose 5*i = -13*i + 48546. Suppose 961 = -2*z + i. List the prime factors of z.
2, 7, 31
Let x(i) = i**3 - 12*i**2 + 7*i + 12. Let f be x(12). Let c(u) = -f*u - 29*u + 2 - 1. List the prime factors of c(-1).
2, 3, 7
Suppose -3*j = 5*k - j + 8, -j = -3*k - 7. Let r(u) = -u**3 + 6*u**2 + 3*u - 11. Let g be r(6). What are the prime factors of (k/3)/(g/(-21))?
2
Suppose 0 = 2*n - 0*n + 4*w + 4, 2*n = -w + 5. Suppose -2*p - n = 8. List the prime factors of (49/3 - -1)*p/(-2).
2, 13
Let z = 93 - -67. Let i(t) = t**2 + 4*t - 8. Let f be i(-6). Suppose -8*p + f*p = -z. List the prime factors of p.
2, 5
Suppose -5*t = 2*m - 41317, 103345 = -60*m + 65*m + 5*t. List the prime factors of m.
2, 3, 1723
Let i be (-6)/(-9)*2*(-138)/(-8). Suppose 13314 = -2*w + i*w. What are the prime factors of w?
2, 317
Let g be (((-60)/8)/(-5))/(1/(-14)). Let f = g - -57. What are the prime factors of 18*(-3)/(f/(-40))?
2, 3, 5
Let h(r) = -3*r + 13. Let j be h(9). Let t be j/1*(-24)/28. List the prime factors of 3/(t/4)*53.
53
Let m be 21 + 14/63 + 58/(-18). Suppose m*n - 12*n - 288 = 0. List the prime factors of n.
2, 3
Let r(w) = -84*w + 2. Let o = 48 - 51. List the prime factors of r(o).
2, 127
Let p(o) = 46*o**2 - 5*o - 41. What are the prime factors of p(11)?
2, 5, 547
Suppose -30816 = -60*j - 9696. What are the prime factors of j?
2, 11
Let x(r) = -r**2 + 125*r + 3442. What are the prime factors of x(74)?
2, 11, 41
Let t(i) = 12*i**2 - 10*i - 11. Let r be t(-6). Suppose -3*q + 246 + r = b, -237 = -q + b. What are the prime factors of q?
241
List the prime factors of (-8727 - (-8 - 5))*((-2)/4 - 0).
4357
Suppose -35*c - 30*c = -202410. What are the prime factors of c?
2, 3, 173
Let y(o) = -o**2 - 10*o + 28. Let x be y(-12). Suppose 3*q - v - 1529 = -q, 4*q - 1544 = x*v. What are the prime factors of q?
3, 127
Let h be 312/130 + 2/(-5). Let k = 57 - 31. List the prime factors of 0 + (k - h/(-1)).
2, 7
Let q(x) = 2*x**2 + 20*x - 222. Let b be q(24). Suppose -4*y - 3*t + 4900 = 0, 2*y - b - 1040 = -2*t. List the prime factors of y.
5, 7
Suppose -5*x - 60 = -8*x. Suppose -260 = -8*p - x. Suppose -i = -z + p, -5*z + 3*i + 105 = -35. What are the prime factors of z?
5
Let p = -60675 - -97461. List the prime factors of p.
2, 3, 6131
Let h(u) = u**2 + 21*u - 42. Let p be h(-23). Suppose p*o + 5*g = 1750 + 2816, -5*g = -3*o + 3407. List the prime factors of o.
17, 67
Let z(o) = -o**2 - 10*o + 15. Let q be z(-11). Let a = 8 + q. Let u = a - -43. List the prime factors of u.
5, 11
Let k = -117 + 114. Let t be ((-17313)/116)/(k/16). Suppose 14*p = 10*p + t. What are the prime factors of p?
199
Let d(u) = 1567*u - 459. List the prime factors of d(11).
2, 8389
Let w = 2176 - -25756. List the prime factors of w.
2, 6983
Let l(g) = g**3 - 15*g**2 + 9*g + 20. Let f be l(14). List the prime factors of 75/f - 165/(-2).
3
Suppose 